[INFO] fetching crate gdbstub 0.6.6...
[INFO] checking gdbstub-0.6.6 against master#e6e4f7ed1589e03bc2f6c5931c1a72e7947e8682 for beta-170-4
[INFO] extracting crate gdbstub 0.6.6 into /workspace/builds/worker-3-tc2/source
[INFO] validating manifest of crates.io crate gdbstub 0.6.6 on toolchain e6e4f7ed1589e03bc2f6c5931c1a72e7947e8682
[INFO] running `Command { std: CARGO_HOME="/workspace/cargo-home" RUSTUP_HOME="/workspace/rustup-home" "/workspace/cargo-home/bin/cargo" "+e6e4f7ed1589e03bc2f6c5931c1a72e7947e8682" "metadata" "--manifest-path" "Cargo.toml" "--no-deps", kill_on_drop: false }`
[INFO] removed /workspace/builds/worker-3-tc2/source/.cargo/config.toml
[INFO] started tweaking crates.io crate gdbstub 0.6.6
[INFO] removed 2 missing examples
[INFO] finished tweaking crates.io crate gdbstub 0.6.6
[INFO] tweaked toml for crates.io crate gdbstub 0.6.6 written to /workspace/builds/worker-3-tc2/source/Cargo.toml
[INFO] crate crates.io crate gdbstub 0.6.6 already has a lockfile, it will not be regenerated
[INFO] running `Command { std: CARGO_HOME="/workspace/cargo-home" RUSTUP_HOME="/workspace/rustup-home" "/workspace/cargo-home/bin/cargo" "+e6e4f7ed1589e03bc2f6c5931c1a72e7947e8682" "fetch" "--manifest-path" "Cargo.toml", kill_on_drop: false }`
[INFO] running `Command { std: "docker" "create" "-v" "/var/lib/crater-agent-workspace/builds/worker-3-tc2/target:/opt/rustwide/target:rw,Z" "-v" "/var/lib/crater-agent-workspace/builds/worker-3-tc2/source:/opt/rustwide/workdir:ro,Z" "-v" "/var/lib/crater-agent-workspace/cargo-home:/opt/rustwide/cargo-home:ro,Z" "-v" "/var/lib/crater-agent-workspace/rustup-home:/opt/rustwide/rustup-home:ro,Z" "-e" "SOURCE_DIR=/opt/rustwide/workdir" "-e" "CARGO_TARGET_DIR=/opt/rustwide/target" "-e" "CARGO_HOME=/opt/rustwide/cargo-home" "-e" "RUSTUP_HOME=/opt/rustwide/rustup-home" "-w" "/opt/rustwide/workdir" "-m" "1610612736" "--user" "0:0" "--network" "none" "ghcr.io/rust-lang/crates-build-env/linux@sha256:19e73879b68f455e41552ea35293514db52ea292d993f571636dbffedb77a1ee" "/opt/rustwide/cargo-home/bin/cargo" "+e6e4f7ed1589e03bc2f6c5931c1a72e7947e8682" "metadata" "--no-deps" "--format-version=1", kill_on_drop: false }`
[INFO] [stdout] f527a67b9652040d167b6e7520cf5cc10100c51d0fd7befa7b01a1fbe20340b4
[INFO] running `Command { std: "docker" "start" "-a" "f527a67b9652040d167b6e7520cf5cc10100c51d0fd7befa7b01a1fbe20340b4", kill_on_drop: false }`
[INFO] running `Command { std: "docker" "inspect" "f527a67b9652040d167b6e7520cf5cc10100c51d0fd7befa7b01a1fbe20340b4", kill_on_drop: false }`
[INFO] running `Command { std: "docker" "rm" "-f" "f527a67b9652040d167b6e7520cf5cc10100c51d0fd7befa7b01a1fbe20340b4", kill_on_drop: false }`
[INFO] [stdout] f527a67b9652040d167b6e7520cf5cc10100c51d0fd7befa7b01a1fbe20340b4
[INFO] running `Command { std: "docker" "create" "-v" "/var/lib/crater-agent-workspace/builds/worker-3-tc2/target:/opt/rustwide/target:rw,Z" "-v" "/var/lib/crater-agent-workspace/builds/worker-3-tc2/source:/opt/rustwide/workdir:ro,Z" "-v" "/var/lib/crater-agent-workspace/cargo-home:/opt/rustwide/cargo-home:ro,Z" "-v" "/var/lib/crater-agent-workspace/rustup-home:/opt/rustwide/rustup-home:ro,Z" "-e" "SOURCE_DIR=/opt/rustwide/workdir" "-e" "CARGO_TARGET_DIR=/opt/rustwide/target" "-e" "CARGO_INCREMENTAL=0" "-e" "RUST_BACKTRACE=full" "-e" "RUSTFLAGS=--cap-lints=forbid" "-e" "RUSTDOCFLAGS=--cap-lints=forbid" "-e" "CARGO_HOME=/opt/rustwide/cargo-home" "-e" "RUSTUP_HOME=/opt/rustwide/rustup-home" "-w" "/opt/rustwide/workdir" "-m" "1610612736" "--user" "0:0" "--network" "none" "ghcr.io/rust-lang/crates-build-env/linux@sha256:19e73879b68f455e41552ea35293514db52ea292d993f571636dbffedb77a1ee" "/opt/rustwide/cargo-home/bin/cargo" "+e6e4f7ed1589e03bc2f6c5931c1a72e7947e8682" "check" "--frozen" "--all" "--all-targets" "--message-format=json", kill_on_drop: false }`
[INFO] [stdout] adad8051ff759d314839b62872122f7ab1702cbfa32eacf628351f48b624a816
[INFO] running `Command { std: "docker" "start" "-a" "adad8051ff759d314839b62872122f7ab1702cbfa32eacf628351f48b624a816", kill_on_drop: false }`
[INFO] [stderr]    Compiling log v0.4.14
[INFO] [stderr]    Compiling proc-macro2 v1.0.51
[INFO] [stderr]    Compiling unicode-ident v1.0.6
[INFO] [stderr]    Compiling quote v1.0.23
[INFO] [stderr]    Compiling memchr v2.4.0
[INFO] [stderr]    Compiling libc v0.2.94
[INFO] [stderr]    Compiling syn v1.0.72
[INFO] [stderr]    Compiling unicode-xid v0.2.2
[INFO] [stderr]    Compiling autocfg v1.0.1
[INFO] [stderr]     Checking quick-error v1.2.3
[INFO] [stderr]     Checking regex-syntax v0.6.25
[INFO] [stderr]     Checking termcolor v1.1.2
[INFO] [stderr]     Checking plain v0.2.3
[INFO] [stderr]     Checking managed v0.8.0
[INFO] [stderr]    Compiling paste v1.0.6
[INFO] [stderr]     Checking humantime v1.3.0
[INFO] [stderr]    Compiling num-traits v0.2.14
[INFO] [stderr]     Checking armv4t_emu v0.1.0
[INFO] [stderr]     Checking aho-corasick v0.7.18
[INFO] [stderr]     Checking atty v0.2.14
[INFO] [stderr]     Checking gdbstub v0.6.6 (/opt/rustwide/workdir)
[INFO] [stderr]     Checking regex v1.5.4
[INFO] [stderr]     Checking env_logger v0.7.1
[INFO] [stderr]     Checking pretty_env_logger v0.4.0
[INFO] [stderr]    Compiling scroll_derive v0.10.5
[INFO] [stderr]     Checking scroll v0.10.2
[INFO] [stderr]     Checking goblin v0.4.3
[INFO] [stdout] error: couldn't read examples/armv4t_multicore/test_bin/test.elf: No such file or directory (os error 2)
[INFO] [stdout]   --> examples/armv4t_multicore/main.rs:18:34
[INFO] [stdout]    |
[INFO] [stdout] 18 | static TEST_PROGRAM_ELF: &[u8] = include_bytes!("test_bin/test.elf");
[INFO] [stdout]    |                                  ^^^^^^^^^^^^^^^^^^^^^^^^^^^^^^^^^^^
[INFO] [stdout]    |
[INFO] [stdout]    = note: this error originates in the macro `include_bytes` (in Nightly builds, run with -Z macro-backtrace for more info)
[INFO] [stdout] 
[INFO] [stdout] 
[INFO] [stdout] error: couldn't read examples/armv4t/test_bin/test.elf: No such file or directory (os error 2)
[INFO] [stdout]   --> examples/armv4t/main.rs:18:33
[INFO] [stdout]    |
[INFO] [stdout] 18 | const TEST_PROGRAM_ELF: &[u8] = include_bytes!("test_bin/test.elf");
[INFO] [stdout]    |                                 ^^^^^^^^^^^^^^^^^^^^^^^^^^^^^^^^^^^
[INFO] [stdout]    |
[INFO] [stdout]    = note: this error originates in the macro `include_bytes` (in Nightly builds, run with -Z macro-backtrace for more info)
[INFO] [stdout] 
[INFO] [stdout] 
[INFO] [stdout] error[E0433]: failed to resolve: use of undeclared crate or module `gdbstub_arch`
[INFO] [stdout]  --> examples/armv4t/gdb/mod.rs:8:5
[INFO] [stdout]   |
[INFO] [stdout] 8 | use gdbstub_arch::arm::reg::id::ArmCoreRegId;
[INFO] [stdout]   |     ^^^^^^^^^^^^ use of undeclared crate or module `gdbstub_arch`
[INFO] [stdout] 
[INFO] [stdout] 
[INFO] [stdout] error[E0433]: failed to resolve: use of undeclared crate or module `gdbstub_arch`
[INFO] [stdout]  --> examples/armv4t/gdb/lldb_register_info_override.rs:5:5
[INFO] [stdout]   |
[INFO] [stdout] 5 | use gdbstub_arch::arm::reg::id::ArmCoreRegId;
[INFO] [stdout]   |     ^^^^^^^^^^^^ use of undeclared crate or module `gdbstub_arch`
[INFO] [stdout] 
[INFO] [stdout] 
[INFO] [stdout] error[E0433]: failed to resolve: use of undeclared crate or module `gdbstub_arch`
[INFO] [stdout]    --> examples/armv4t/gdb/mod.rs:386:9
[INFO] [stdout]     |
[INFO] [stdout] 386 |     use gdbstub_arch::arm::reg::id::ArmCoreRegId;
[INFO] [stdout]     |         ^^^^^^^^^^^^ use of undeclared crate or module `gdbstub_arch`
[INFO] [stdout] 
[INFO] [stdout] 
[INFO] [stdout] error[E0433]: failed to resolve: use of undeclared crate or module `gdbstub_arch`
[INFO] [stdout]    --> examples/armv4t/gdb/mod.rs:387:9
[INFO] [stdout]     |
[INFO] [stdout] 387 |     use gdbstub_arch::arm::reg::ArmCoreRegs;
[INFO] [stdout]     |         ^^^^^^^^^^^^ use of undeclared crate or module `gdbstub_arch`
[INFO] [stdout] 
[INFO] [stdout] 
[INFO] [stdout] error[E0433]: failed to resolve: use of undeclared crate or module `gdbstub_arch`
[INFO] [stdout]    --> examples/armv4t/gdb/mod.rs:388:9
[INFO] [stdout]     |
[INFO] [stdout] 388 |     use gdbstub_arch::arm::ArmBreakpointKind;
[INFO] [stdout]     |         ^^^^^^^^^^^^ use of undeclared crate or module `gdbstub_arch`
[INFO] [stdout] 
[INFO] [stdout] 
[INFO] [stdout] error[E0433]: failed to resolve: use of undeclared crate or module `gdbstub_arch`
[INFO] [stdout]   --> examples/armv4t_multicore/gdb.rs:27:17
[INFO] [stdout]    |
[INFO] [stdout] 27 |     type Arch = gdbstub_arch::arm::Armv4t;
[INFO] [stdout]    |                 ^^^^^^^^^^^^ use of undeclared crate or module `gdbstub_arch`
[INFO] [stdout] 
[INFO] [stdout] 
[INFO] [stdout] error[E0433]: failed to resolve: use of undeclared crate or module `gdbstub_arch`
[INFO] [stdout]   --> examples/armv4t_multicore/gdb.rs:46:20
[INFO] [stdout]    |
[INFO] [stdout] 46 |         regs: &mut gdbstub_arch::arm::reg::ArmCoreRegs,
[INFO] [stdout]    |                    ^^^^^^^^^^^^ use of undeclared crate or module `gdbstub_arch`
[INFO] [stdout] 
[INFO] [stdout] 
[INFO] [stdout] error[E0433]: failed to resolve: use of undeclared crate or module `gdbstub_arch`
[INFO] [stdout]   --> examples/armv4t_multicore/gdb.rs:69:16
[INFO] [stdout]    |
[INFO] [stdout] 69 |         regs: &gdbstub_arch::arm::reg::ArmCoreRegs,
[INFO] [stdout]    |                ^^^^^^^^^^^^ use of undeclared crate or module `gdbstub_arch`
[INFO] [stdout] 
[INFO] [stdout] 
[INFO] [stdout] error[E0433]: failed to resolve: use of undeclared crate or module `gdbstub_arch`
[INFO] [stdout]    --> examples/armv4t_multicore/gdb.rs:219:16
[INFO] [stdout]     |
[INFO] [stdout] 219 |         _kind: gdbstub_arch::arm::ArmBreakpointKind,
[INFO] [stdout]     |                ^^^^^^^^^^^^ use of undeclared crate or module `gdbstub_arch`
[INFO] [stdout] 
[INFO] [stdout] 
[INFO] [stdout] error[E0433]: failed to resolve: use of undeclared crate or module `gdbstub_arch`
[INFO] [stdout]    --> examples/armv4t_multicore/gdb.rs:228:16
[INFO] [stdout]     |
[INFO] [stdout] 228 |         _kind: gdbstub_arch::arm::ArmBreakpointKind,
[INFO] [stdout]     |                ^^^^^^^^^^^^ use of undeclared crate or module `gdbstub_arch`
[INFO] [stdout] 
[INFO] [stdout] 
[INFO] [stdout] error[E0433]: failed to resolve: use of undeclared crate or module `gdbstub_arch`
[INFO] [stdout]   --> examples/armv4t/gdb/breakpoints.rs:27:16
[INFO] [stdout]    |
[INFO] [stdout] 27 |         _kind: gdbstub_arch::arm::ArmBreakpointKind,
[INFO] [stdout]    |                ^^^^^^^^^^^^ use of undeclared crate or module `gdbstub_arch`
[INFO] [stdout] 
[INFO] [stdout] 
[INFO] [stdout] error[E0433]: failed to resolve: use of undeclared crate or module `gdbstub_arch`
[INFO] [stdout]   --> examples/armv4t/gdb/breakpoints.rs:36:16
[INFO] [stdout]    |
[INFO] [stdout] 36 |         _kind: gdbstub_arch::arm::ArmBreakpointKind,
[INFO] [stdout]    |                ^^^^^^^^^^^^ use of undeclared crate or module `gdbstub_arch`
[INFO] [stdout] 
[INFO] [stdout] 
[INFO] [stdout] error: aborting due to 6 previous errors
[INFO] [stdout] 
[INFO] [stdout] 
[INFO] [stdout] For more information about this error, try `rustc --explain E0433`.
[INFO] [stdout] 
[INFO] [stderr] error: could not compile `gdbstub` (example "armv4t_multicore") due to 7 previous errors
[INFO] [stderr] warning: build failed, waiting for other jobs to finish...
[INFO] [stdout] error: aborting due to 8 previous errors
[INFO] [stdout] 
[INFO] [stdout] 
[INFO] [stdout] For more information about this error, try `rustc --explain E0433`.
[INFO] [stdout] 
[INFO] [stderr] error: could not compile `gdbstub` (example "armv4t") due to 9 previous errors
[INFO] running `Command { std: "docker" "inspect" "adad8051ff759d314839b62872122f7ab1702cbfa32eacf628351f48b624a816", kill_on_drop: false }`
[INFO] running `Command { std: "docker" "rm" "-f" "adad8051ff759d314839b62872122f7ab1702cbfa32eacf628351f48b624a816", kill_on_drop: false }`
[INFO] [stdout] adad8051ff759d314839b62872122f7ab1702cbfa32eacf628351f48b624a816
